= 22*y - 16. Let v be z(t). What is the greatest common divisor of 9 and v?
9
Suppose -383 = -2*t - 239. What is the greatest common divisor of t and 18?
18
Let v(b) = 14*b - 320. Let x be v(35). Calculate the highest common factor of x and 34.
34
Suppose 5*b + 0*y = -y + 2, 0 = 3*b - 5*y + 10. Let w be b/8 + 0 + 3*3. Calculate the highest common divisor of w and 27.
9
Let x = -29 + 50. Suppose -c + 9 = -2*t + x, -2*c = 4. Suppose 2*b = 4*f - 3*b - 44, t*b - 22 = -2*f. Calculate the highest common divisor of 22 and f.
11
Suppose -55 = 2*w + 3*w. Suppose -4*q + 2*j - 138 = 0, 5*j = -5*q + 2*j - 156. Let h be 6/q - 57/w. What is the greatest common factor of 35 and h?
5
Let m = -58 - -248. Let w be (-3)/(-12) + m/8. Calculate the highest common divisor of 12 and w.
12
Let k(c) = -7*c**3 + c**2 + 2*c + 1. Let o be k(-1). Let g(t) = 6*t + 30. Let m be g(-14). Let p be 250/12 - 9/m. What is the greatest common factor of o and p?
7
Let c be 24/8 - 2 - (0 + -22). Let t(k) = 161*k**3 - k**2 + 1. Let j be t(1). Calculate the highest common factor of c and j.
23
Let f = -112 - -202. Calculate the greatest common factor of 20 and f.
10
Let p(y) = -15*y**3 - y**2 + 31*y**3 + 42 - 17*y**3 + 2*y. Let u be p(0). Calculate the highest common factor of u and 14.
14
Let a be 2037/126 - (-4)/(-24). Calculate the highest common factor of 13 and a.
1
Let x be (3 + (-20)/8)/(2/32). Suppose -x*d = -143 - 129. Calculate the highest common factor of 136 and d.
34
Suppose -n + 81 = -30. Let p(s) = s**3 - 84*s**2 - 259*s - 137. Let x be p(87). What is the greatest common factor of n and x?
37
Let s(a) = a**2 + 20*a - 49. Let h be s(-16). Let r = -85 - h. Calculate the highest common divisor of 21 and r.
7
Let q = 3093 - 3086. Let o be (-4)/6 + 38/(-6). Let t = o + 35. Calculate the greatest common divisor of t and q.
7
Let t = -2176 - -2189. What is the greatest common factor of 39 and t?
13
Suppose 3*o = -8 + 32. Let w be -3 + 2 + 0 - (-29 - -27). What is the highest common factor of w and o?
1
Let x(t) = -t. Let y(l) = -16. Let j(u) = -x(u) - y(u). Let z be j(9). Calculate the greatest common factor of z and 275.
25
Let z(i) = -i**3 - 11*i**2 - 2*i - 20. Let c be z(-11). Suppose -2*a + 39 = -a + c*g, -6 = 2*g. What is the highest common factor of a and 15?
15
Suppose -11*q = -9*q + 2*u - 40, 5*u = 4*q - 62. Calculate the greatest common divisor of 162 and q.
18
Let w be (24/(-21))/(14/(-49)). Suppose -5*u + 2*z + 2 = -0*z, -2*u + 2*z = w. Calculate the highest common divisor of u and 10.
2
Suppose -2*a - 10*h + 12*h = -76, -4*a = -2*h - 148. Calculate the highest common factor of 1 and a.
1
Suppose -3*x - 5*c + 31 = -129, -4*x - 4*c = -200. What is the greatest common factor of 1395 and x?
45
Suppose -w = 2*m + w - 68, -24 = -m + 4*w. Calculate the greatest common divisor of 80 and m.
16
Let u be (-232)/(-72) - (-6)/(-27). Calculate the highest common factor of u and 43.
1
Suppose -3*l + 12 + 7 = 2*f, -f - 4*l + 22 = 0. Let n be 19/f + 2/4. What is the highest common factor of 40 and n?
10
Suppose 13*c - 10*c - 1467 = 0. Let n = -269 + c. What is the greatest common divisor of n and 20?
20
Let a be ((-3)/2)/(1/(-6)). Suppose -9*z + 47*z = 684. Let l = z - a. What is the greatest common divisor of l and 6?
3
Let q = 52 - 25. What is the greatest common factor of 72 and q?
9
Let f be (-27)/(-4) + 7/28. Suppose f*a - 30 = 1587. What is the highest common factor of 21 and a?
21
Suppose 0 = 3*u + 1 - 31. What is the highest common factor of u and 1620?
10
Let d be (4/(-10))/(3/(-2220)). Let x = 557 - d. What is the greatest common factor of x and 29?
29
Suppose 0 - 4 = -2*i. Suppose 5*z - 8 = h + 3*h, -i*z + 8 = 0. Suppose 3 + h = 2*x + 3*g, -4*x + 3*g = -30. Calculate the highest common divisor of 3 and x.
3
Suppose -6*a + a = -10. Let m(x) = -x**3 + 18*x**2 - 11*x - 92. Let g be m(17). Calculate the highest common factor of g and a.
2
Suppose -2*v = -4*v + 4*f + 20, -2*f = 2*v - 2. Suppose 5*c + 3*q + 97 = 348, 5*c = 5*q + 275. Calculate the greatest common divisor of c and v.
4
Let b be 102384/(-790)*(-5)/2. Calculate the highest common divisor of 24 and b.
12
Suppose -5*b - 3*n + 54 = -2*b, -46 = -3*b + n. Let t(y) = -y**3 - 5*y**2 - 4*y - 4. Let a be t(-5). Calculate the highest common divisor of a and b.
16
Let y(s) = -5*s + 78. Let o be y(14). What is the greatest common factor of 184 and o?
8
Let p = 16 - 30. Suppose -38 - 52 = 3*g. Let i = p - g. What is the highest common factor of i and 24?
8
Let v(h) = 10*h**2 + 9*h - 7. Let k be v(1). What is the highest common factor of k and 4?
4
Let q(s) = -s + 27. Let c be q(17). What is the greatest common factor of c and 20?
10
Let d be (26/(-3))/(88/(-2640)). What is the highest common divisor of 52 and d?
52
Let k(i) = 7*i**3 - i**2 - 2*i - 1. Let s be k(-1). Let x = s - -37. Let y be 3 + (188/16 - (-2)/8). What is the highest common divisor of y and x?
15
Let a(g) = g**3 - 38*g**2 - 38*g - 18. Let b be a(39). Calculate the highest common divisor of 525 and b.
21
Let w(z) = -z**3 - 15*z**2 + z - 99. Let h be w(-16). What is the highest common factor of 376 and h?
47
Let b = 89 - 128. Let w = b - -48. What is the greatest common factor of w and 1?
1
Let z be 104/(-8) + 12 + 0 + 103. What is the highest common factor of z and 170?
34
Let j be 2/7 - 5824/(-196). Let s(y) = 70*y - 2. Let v be s(2). Let l = v - 63. Calculate the highest common divisor of j and l.
15
Suppose 0 = k - 2*o + 105 - 502, -2*o + 6 = 0. Suppose k = 5*d - c, -15 = 2*d + 4*c - 163. Calculate the highest common divisor of d and 16.
16
Let p be (-4129)/(-9) - (-14)/63. Let u = p - 289. Calculate the greatest common divisor of u and 10.
10
Let k(w) = w**3 - 2*w**2 - 17*w + 60. Let d be k(6). Calculate the greatest common factor of d and 156.
6
Let j(h) = 16*h - 326. Let v be j(35). Calculate the greatest common divisor of v and 156.
78
Let n(j) = -j**2 + 5*j + 4. Let x be n(4). Suppose -x = -0*r - 2*r. Suppose -p - 5 = 0, 3*c + r*p = -p + 5. Calculate the highest common divisor of c and 110.
10
Suppose 39*a = -4*p + 40*a + 157, 3*p - 4*a - 134 = 0. Calculate the greatest common divisor of p and 76.
38
Let q(j) = j**3 - 7*j**2 + 11*j + 12. Let a be q(4). What is the highest common divisor of 1928 and a?
8
Let u = -3 - -5. Suppose 3*h = h + u. Suppose 6*k + 17 - 35 = 0. Calculate the greatest common divisor of k and h.
1
Suppose 0 = -4*l + o + 18181, l + o - 1103 = 3436. Calculate the greatest common factor of 64 and l.
64
Let s be (18/8)/(69/1472) + -3. Calculate the highest common divisor of s and 75.
15
Suppose m = -2*m. Suppose m = -0*j + 3*j. Suppose w + 5*c + 13 = j, -3*c - 40 = -3*w + 11. What is the highest common divisor of w and 30?
6
Let r = 38 + -8. Suppose 0 = -44*k + 55*k - 825. Calculate the greatest common factor of r and k.
15
Suppose -o + 29 = -0*o. Suppose -3*q = -3*h - 21, -4*q + 7*h = 4*h - o. What is the greatest common factor of q and 6?
2
Suppose -5676 = -22*v - 2596. Suppose -4*g = -0*s + 5*s - 88, 5*g - 25 = -2*s. Calculate the highest common factor of s and v.
20
Let j(x) = 3*x**2 - 18*x + 40. Let q be j(9). What is the highest common divisor of 22 and q?
11
Let h = 7 - 4. Let q(r) be the second derivative of r**3/3 - 3*r**2/2 - 17*r. Let c be q(9). What is the greatest common factor of h and c?
3
Suppose 3*j = 3*g + 231, -3*j - 4*g + 155 = -62. Suppose -2*m - 3*m = -j. Calculate the highest common divisor of m and 6.
3
Suppose -2*q + 22 = -50. Let t be 10/35*-3*294/(-28). What is the highest common factor of t and q?
9
Let t = -1681 - -1699. Calculate the greatest common divisor of 1620 and t.
18
Let q(z) = -z**3 + 8*z - 5. Let p be q(2). Calculate the highest common factor of p and 129.
3
Let v(f) = -2*f**2 - 163*f + 40. Let x be v(-75). Calculate the greatest common divisor of x and 725.
145
Suppose -2*y + 11 = q - 6*y, -5*q - 8 = y. Let c(g) = g**2 - g. Let p be c(q). Let d = 1 + p. Calculate the greatest common divisor of 9 and d.
3
Let s be (-5 - (-14)/(-6))/(2/(-6)). What is the greatest common divisor of 1551 and s?
11
Let t(i) be the third derivative of -i**5/60 - 3*i**4/8 - i**3 + 7*i**2. Let b be t(-7). Calculate the greatest common factor of b and 56.
8
Let b(y) = -y**3 - 5*y**2 - y + 9. Let h be b(-4). Let q be